{"id":66,"date":"2015-02-18T20:59:20","date_gmt":"2015-02-18T19:59:20","guid":{"rendered":"http:\/\/ambm.no\/?page_id=66"},"modified":"2015-02-18T20:59:20","modified_gmt":"2015-02-18T19:59:20","slug":"kjop-og-salg-av-antikviteterbruktkunst-kuriosa-og-interior","status":"publish","type":"page","link":"https:\/\/ambm.no\/?page_id=66","title":{"rendered":"Kj\u00f8p og salg av antikviteter,brukt,kunst ,kuriosa og interi\u00f8r"},"content":{"rendered":"<p>Vi kj\u00f8per og betaler god pris\u00a0 for\u00a0alt av antikt\/brukt ,kunst,kuriosa og interi\u00f8r.Det er en betingelse at varene er i god stand og kan v\u00e6re av interesse for 3.person. Er varene ikke av slik karakter:<\/p>\n<p><strong>Utf\u00f8rer ogs\u00e5 rydding\/bortkj\u00f8ring\/vask av hjem\/kontor og d\u00f8dsbo<\/strong><\/p>\n","protected":false},"excerpt":{"rendered":"<p>Vi kj\u00f8per og betaler god pris\u00a0 for\u00a0alt av antikt\/brukt ,kunst,kuriosa og interi\u00f8r.Det er en betingelse at varene er i god stand og kan v\u00e6re av interesse for 3.person. Er varene ikke av slik karakter: Utf\u00f8rer ogs\u00e5 rydding\/bortkj\u00f8ring\/vask av hjem\/kontor og d\u00f8dsbo<\/p>\n","protected":false},"author":3,"featured_media":67,"parent":0,"menu_order":0,"comment_status":"closed","ping_status":"closed","template":"","meta":{"footnotes":""},"class_list":["post-66","page","type-page","status-publish","has-post-thumbnail","hentry"],"_links":{"self":[{"href":"https:\/\/ambm.no\/index.php?rest_route=\/wp\/v2\/pages\/66","targetHints":{"allow":["GET"]}}],"collection":[{"href":"https:\/\/ambm.no\/index.php?rest_route=\/wp\/v2\/pages"}],"about":[{"href":"https:\/\/ambm.no\/index.php?rest_route=\/wp\/v2\/types\/page"}],"author":[{"embeddable":true,"href":"https:\/\/ambm.no\/index.php?rest_route=\/wp\/v2\/users\/3"}],"replies":[{"embeddable":true,"href":"https:\/\/ambm.no\/index.php?rest_route=%2Fwp%2Fv2%2Fcomments&post=66"}],"version-history":[{"count":1,"href":"https:\/\/ambm.no\/index.php?rest_route=\/wp\/v2\/pages\/66\/revisions"}],"predecessor-version":[{"id":68,"href":"https:\/\/ambm.no\/index.php?rest_route=\/wp\/v2\/pages\/66\/revisions\/68"}],"wp:featuredmedia":[{"embeddable":true,"href":"https:\/\/ambm.no\/index.php?rest_route=\/wp\/v2\/media\/67"}],"wp:attachment":[{"href":"https:\/\/ambm.no\/index.php?rest_route=%2Fwp%2Fv2%2Fmedia&parent=66"}],"curies":[{"name":"wp","href":"https:\/\/api.w.org\/{rel}","templated":true}]}}